ts digit of 6245983?
3
What is the hundred thousands digit of 169435?
1
What is the thousands digit of 58238?
8
What is the tens digit of 699070?
7
What is the tens digit of 4741200?
0
What is the ten thousands digit of 324986?
2
What is the tens digit of 7046?
4
What is the millions digit of 6023255?
6
What is the thousands digit of 521391?
1
What is the millions digit of 4335932?
4
What is the tens digit of 6102706?
0
What is the ten thousands digit of 423964?
2
What is the units digit of 2494833?
3
What is the hundreds digit of 230246?
2
What is the hundreds digit of 1215298?
2
What is the tens digit of 74113?
1
What is the tens digit of 2847714?
1
What is the ten millions digit of 13169203?
1
What is the ten thousands digit of 70926?
7
What is the hundreds digit of 1260477?
4
What is the hundreds digit of 3350631?
6
What is the thousands digit of 25022110?
2
What is the ten thousands digit of 8012308?
1
What is the thousands digit of 2865968?
5
What is the units digit of 146965?
5
What is the tens digit of 2596485?
8
What is the hundreds digit of 794603?
6
What is the tens digit of 10859094?
9
What is the hundreds digit of 1235215?
2
What is the millions digit of 1507427?
1
What is the tens digit of 50340?
4
What is the tens digit of 14301419?
1
What is the tens digit of 269271?
7
What is the hundred thousands digit of 1782143?
7
What is the tens digit of 32824?
2
What is the hundred thousands digit of 13368519?
3
What is the millions digit of 10421657?
0
What is the hundred thousands digit of 732833?
7
What is the hundred thousands digit of 199993?
1
What is the thousands digit of 3060409?
0
What is the thousands digit of 2401865?
1
What is the hundreds digit of 326719?
7
What is the hundred thousands digit of 1251215?
2
What is the tens digit of 5307034?
3
What is the hundreds digit of 4572842?
8
What is the millions digit of 15599310?
5
What is the ten thousands digit of 6636433?
3
What is the hundreds digit of 9668024?
0
What is the tens digit of 417890?
9
What is the hundred thousands digit of 783438?
7
What is the millions digit of 1002988?
1
What is the hundred thousands digit of 9415496?
4
What is the hundred thousands digit of 432441?
4
What is the millions digit of 1784143?
1
What is the ten thousands digit of 222300?
2
What is the thousands digit of 2016035?
6
What is the tens digit of 24359576?
7
What is the tens digit of 2833385?
8
What is the ten thousands digit of 438191?
3
What is the ten thousands digit of 823132?
2
What is the hundred thousands digit of 21928532?
9
What is the hundreds digit of 82113?
1
What is the hundreds digit of 60029?
0
What is the ten thousands digit of 233796?
3
What is the units digit of 2819637?
7
What is the tens digit of 150048?
4
What is the ten thousands digit of 720371?
2
What is the hundred thousands digit of 18916454?
9
What is the millions digit of 1175872?
1
What is the thousands digit of 1337416?
7
What is the millions digit of 38735538?
8
What is the tens digit of 567473?
7
What is the hundreds digit of 746910?
9
What is the tens digit of 330917?
1
What is the thousands digit of 6690717?
0
What is the hundred thousands digit of 387688?
3
What is the units digit of 54412?
2
What is the hundred thousands digit of 5424150?
4
What is the hundred thousands digit of 5790278?
7
What is the ten thousands digit of 274532?
7
What is the tens digit of 843324?
2
What is the thousands digit of 1166708?
6
What is the units digit of 2090905?
5
What is the hundreds digit of 7814580?
5
What is the hundred thousands digit of 2724884?
7
What is the units digit of 14903614?
4
What is the thousands digit of 5506730?
6
What is the tens digit of 196919?
1
What is the thousands digit of 185407?
5
What is the units digit of 258808?
8
What is the hundreds digit of 912868?
8
What is the hundreds digit of 18044260?
2
What is the hundreds digit of 3585248?
2
What is the units digit of 565428?
8
What is the thousands digit of 8972759?
2
What is the millions digit of 2528618?
2
What is the units digit of 17915375?
5
What is the thousands digit of 2868891?
8
What is the ten thousands digit of 1163048?
6
What is the hundreds digit of 1105336?
3
What is the ten millions digit of 15459926?
1
What is the tens digit of 23887?
8
What is the hundreds digit of 182295?
2
What is the ten thousands digit of 619314?
1
What is the millions digit of 33454478?
3
What is the ten thousands digit of 83961?
8
What is the thousands digit of 4558679?
8
What is the hundred thousands digit of 2464620?
4
What is the units digit of 3186614?
4
What is the hundred thousands digit of 331469?
3
What is the tens digit of 17487581?
8
What is the units digit of 10066491?
1
What is the millions digit of 9873270?
9
What is the thousands digit of 11105256?
5
What is the hundred thousands digit of 1350856?
3
What is the ten thousands digit of 24247?
2
What is the tens digit of 20782260?
6
What is the hundreds digit of 2919642?
6
What is the ten thousands digit of 15900266?
0
What is the hundred thousands digit of 447631?
4
What is the thousands digit of 381728?
1
What is the tens digit of 804656?
5
What is the hundreds digit of 8105419?
4
What is the millions digit of 3164623?
3
What is the units digit of 8412239?
9
What is the hundred thousands digit of 877115?
8
What is the ten thousands digit of 696725?
9
What is the hundreds digit of 76588?
5
What is the ten thousands digit of 567664?
6
What is the tens digit of 6099199?
9
What is the hundred thousands digit of 1022588?
0
What is the ten thousands digit of 1442322?
4
What is the hundred thousands digit of 1386151?
3
What is the hundreds digit of 242558?
5
What is the thousands digit of 437649?
7
What is the hundred thousands digit of 10462794?
4
What is the millions digit of 7978717?
7
What is the thousands digit of 3848494?
8
What is the tens digit of 3381878?
7
What is the tens digit of 3018340?
4
What is the tens digit of 560667?
6
What is the ten thousands digit of 3467300?
6
What is the ten thousands digit of 600938?
0
What is the hundreds digit of 152781?
7
What is the hundreds digit of 9824?
8
What is the thousands digit of 373547?
3
What is the hundreds digit of 38902?
9
What is the hundred thousands digit of 3093471?
0
What is the ten thousands digit of 5501125?
0
What is the thousands digit of 298640?
8
What is the tens digit of 207903?
0
What is the hundred thousands digit of 842669?
8
What is the tens digit of 1487763?
6
What is the ten thousands digit of 25395986?
9
What is the thousands digit of 166358?
6
What is the units digit of 182311?
1
What is the units digit of 738103?
3
What is the hundred thousands digit of 31490397?
4
What is the millions digit of 1697543?
1
What is the hundred thousands digit of 494630?
4
What is the units digit of 24372825?
5
What is the units digit of 65084?
4
What is the thousands digit of 335575?
5
What is the tens digit of 814748?
4
What is the hundred thousands digit of 251821?
2
What is the ten thousands digit of 109481?
0
What is the units digit of 7329431?
1
What is the hundred thousands digit of 2569320?
5
What is the thousands digit of 10416947?
6
What is the hundreds digit of 1736556?
5
What is the ten thousands digit of 14487421?
8
What is the ten thousands digit of 3642323?
4
What is the tens digit of 330585?
8
What is the millions digit of 2244178?
2
What is the hundreds digit of 937868?
8
What is the ten thousands digit of 1116784?
1
What is the thousands digit of 22593330?
3
What is the thousands digit of 9961?
9
What is the hundreds digit of 2955130?
1
What is the ten thousands digit of 2703687?
0
What is the ten millions digit of 17318445?
1
What is the thousands digit of 293421?
3
What is the units digit of 685389?
9
What is the hundreds digit of 411790?
7
What is the tens digit of 14160?
6
What is the hundred thousands digit of 525147?
5
What is the tens digit of 5800627?
2
What is the hundreds digit of 275825?
8
What is the units digit of 22261?
1
What is the hundreds digit of 473715?
7
What is the hundred thousands digit of 2291373?
2
What is the tens digit of 333654?
5
What is the thousands digit of 1558561?
8
What is the hundred thousands digit of 928119?
9
What is the units digit of 2159106?
6
What is the ten thousands digit o